{"id":59,"date":"2022-07-05T15:18:20","date_gmt":"2022-07-05T13:18:20","guid":{"rendered":"https:\/\/pileto.pl\/?post_type=project&#038;p=59"},"modified":"2022-11-15T20:53:53","modified_gmt":"2022-11-15T19:53:53","slug":"metro-linii-m2-targowek-mieszkaniowy","status":"publish","type":"project","link":"https:\/\/pileto.pl\/en\/project\/metro-linii-m2-targowek-mieszkaniowy\/","title":{"rendered":"Metro line M2 Targ\u00f3wek Mieszkaniowy"},"content":{"rendered":"","protected":false},"excerpt":{"rendered":"","protected":false},"author":1,"featured_media":216,"comment_status":"closed","ping_status":"closed","template":"","meta":{"_acf_changed":false,"_et_pb_use_builder":"off","_et_pb_old_content":"","_et_gb_content_width":"","footnotes":""},"project_category":[6],"project_tag":[],"class_list":["post-59","project","type-project","status-publish","has-post-thumbnail","hentry","project_category-realizacje"],"acf":[],"yoast_head":"<!-- This site is optimized with the Yoast SEO plugin v25.2 - https:\/\/yoast.com\/wordpress\/plugins\/seo\/ -->\n<title>Metro linii M2 Targ\u00f3wek Mieszkaniowy - Pileto Sp. z o.o.<\/title>\n<meta name=\"robots\" content=\"index, follow, max-snippet:-1, max-image-preview:large, max-video-preview:-1\" \/>\n<link rel=\"canonical\" href=\"https:\/\/pileto.pl\/en\/project\/metro-linii-m2-targowek-mieszkaniowy\/\" \/>\n<meta property=\"og:locale\" content=\"en_US\" \/>\n<meta property=\"og:type\" content=\"article\" \/>\n<meta property=\"og:title\" content=\"Metro linii M2 Targ\u00f3wek Mieszkaniowy - Pileto Sp. z o.o.\" \/>\n<meta property=\"og:url\" content=\"https:\/\/pileto.pl\/en\/project\/metro-linii-m2-targowek-mieszkaniowy\/\" \/>\n<meta property=\"og:site_name\" content=\"Pileto Sp. z o.o.\" \/>\n<meta property=\"article:modified_time\" content=\"2022-11-15T19:53:53+00:00\" \/>\n<meta property=\"og:image\" content=\"https:\/\/pileto.pl\/wp-content\/uploads\/2022\/07\/3-scaled.jpg\" \/>\n\t<meta property=\"og:image:width\" content=\"2560\" \/>\n\t<meta property=\"og:image:height\" content=\"1707\" \/>\n\t<meta property=\"og:image:type\" content=\"image\/jpeg\" \/>\n<meta name=\"twitter:card\" content=\"summary_large_image\" \/>\n<script type=\"application\/ld+json\" class=\"yoast-schema-graph\">{\"@context\":\"https:\/\/schema.org\",\"@graph\":[{\"@type\":\"WebPage\",\"@id\":\"https:\/\/pileto.pl\/project\/metro-linii-m2-targowek-mieszkaniowy\/\",\"url\":\"https:\/\/pileto.pl\/project\/metro-linii-m2-targowek-mieszkaniowy\/\",\"name\":\"Metro linii M2 Targ\u00f3wek Mieszkaniowy - Pileto Sp. z o.o.\",\"isPartOf\":{\"@id\":\"https:\/\/pileto.pl\/#website\"},\"primaryImageOfPage\":{\"@id\":\"https:\/\/pileto.pl\/project\/metro-linii-m2-targowek-mieszkaniowy\/#primaryimage\"},\"image\":{\"@id\":\"https:\/\/pileto.pl\/project\/metro-linii-m2-targowek-mieszkaniowy\/#primaryimage\"},\"thumbnailUrl\":\"https:\/\/pileto.pl\/wp-content\/uploads\/2022\/07\/3-scaled.jpg\",\"datePublished\":\"2022-07-05T13:18:20+00:00\",\"dateModified\":\"2022-11-15T19:53:53+00:00\",\"breadcrumb\":{\"@id\":\"https:\/\/pileto.pl\/project\/metro-linii-m2-targowek-mieszkaniowy\/#breadcrumb\"},\"inLanguage\":\"en-US\",\"potentialAction\":[{\"@type\":\"ReadAction\",\"target\":[\"https:\/\/pileto.pl\/project\/metro-linii-m2-targowek-mieszkaniowy\/\"]}]},{\"@type\":\"ImageObject\",\"inLanguage\":\"en-US\",\"@id\":\"https:\/\/pileto.pl\/project\/metro-linii-m2-targowek-mieszkaniowy\/#primaryimage\",\"url\":\"https:\/\/pileto.pl\/wp-content\/uploads\/2022\/07\/3-scaled.jpg\",\"contentUrl\":\"https:\/\/pileto.pl\/wp-content\/uploads\/2022\/07\/3-scaled.jpg\",\"width\":2560,\"height\":1707},{\"@type\":\"BreadcrumbList\",\"@id\":\"https:\/\/pileto.pl\/project\/metro-linii-m2-targowek-mieszkaniowy\/#breadcrumb\",\"itemListElement\":[{\"@type\":\"ListItem\",\"position\":1,\"name\":\"Strona g\u0142\u00f3wna\",\"item\":\"https:\/\/pileto.pl\/\"},{\"@type\":\"ListItem\",\"position\":2,\"name\":\"Projekty\",\"item\":\"https:\/\/pileto.pl\/project\/\"},{\"@type\":\"ListItem\",\"position\":3,\"name\":\"Metro linii M2 Targ\u00f3wek Mieszkaniowy\"}]},{\"@type\":\"WebSite\",\"@id\":\"https:\/\/pileto.pl\/#website\",\"url\":\"https:\/\/pileto.pl\/\",\"name\":\"Konstrukcje szklane, fasady, drzwi, okna - projekt - Pileto Sp. z o.o.\",\"description\":\"PILETO jest firm\u0105, kt\u00f3ra projektuje oraz realizuje obiekty budowlane w zakresie szklanych fasad, indywidualnie projektowanych okien, drzwi, \u015bwietlik\u00f3w, samono\u015bnych konstrukcji ze szk\u0142a oraz elewacji wentylowanych.\",\"publisher\":{\"@id\":\"https:\/\/pileto.pl\/#organization\"},\"alternateName\":\"Konstrukcje szklane, fasady, drzwi, okna - projekt - Pileto Sp. z o.o.\",\"potentialAction\":[{\"@type\":\"SearchAction\",\"target\":{\"@type\":\"EntryPoint\",\"urlTemplate\":\"https:\/\/pileto.pl\/?s={search_term_string}\"},\"query-input\":{\"@type\":\"PropertyValueSpecification\",\"valueRequired\":true,\"valueName\":\"search_term_string\"}}],\"inLanguage\":\"en-US\"},{\"@type\":\"Organization\",\"@id\":\"https:\/\/pileto.pl\/#organization\",\"name\":\"Pileto Sp. z o.o.\",\"url\":\"https:\/\/pileto.pl\/\",\"logo\":{\"@type\":\"ImageObject\",\"inLanguage\":\"en-US\",\"@id\":\"https:\/\/pileto.pl\/#\/schema\/logo\/image\/\",\"url\":\"https:\/\/pileto.pl\/wp-content\/uploads\/2022\/07\/logo_pileto.png\",\"contentUrl\":\"https:\/\/pileto.pl\/wp-content\/uploads\/2022\/07\/logo_pileto.png\",\"width\":349,\"height\":115,\"caption\":\"Pileto Sp. z o.o.\"},\"image\":{\"@id\":\"https:\/\/pileto.pl\/#\/schema\/logo\/image\/\"}}]}<\/script>\n<!-- \/ Yoast SEO plugin. -->","yoast_head_json":{"title":"Metro linii M2 Targ\u00f3wek Mieszkaniowy - Pileto Sp. z o.o.","robots":{"index":"index","follow":"follow","max-snippet":"max-snippet:-1","max-image-preview":"max-image-preview:large","max-video-preview":"max-video-preview:-1"},"canonical":"https:\/\/pileto.pl\/en\/project\/metro-linii-m2-targowek-mieszkaniowy\/","og_locale":"en_US","og_type":"article","og_title":"Metro linii M2 Targ\u00f3wek Mieszkaniowy - Pileto Sp. z o.o.","og_url":"https:\/\/pileto.pl\/en\/project\/metro-linii-m2-targowek-mieszkaniowy\/","og_site_name":"Pileto Sp. z o.o.","article_modified_time":"2022-11-15T19:53:53+00:00","og_image":[{"width":2560,"height":1707,"url":"https:\/\/pileto.pl\/wp-content\/uploads\/2022\/07\/3-scaled.jpg","type":"image\/jpeg"}],"twitter_card":"summary_large_image","schema":{"@context":"https:\/\/schema.org","@graph":[{"@type":"WebPage","@id":"https:\/\/pileto.pl\/project\/metro-linii-m2-targowek-mieszkaniowy\/","url":"https:\/\/pileto.pl\/project\/metro-linii-m2-targowek-mieszkaniowy\/","name":"Metro linii M2 Targ\u00f3wek Mieszkaniowy - Pileto Sp. z o.o.","isPartOf":{"@id":"https:\/\/pileto.pl\/#website"},"primaryImageOfPage":{"@id":"https:\/\/pileto.pl\/project\/metro-linii-m2-targowek-mieszkaniowy\/#primaryimage"},"image":{"@id":"https:\/\/pileto.pl\/project\/metro-linii-m2-targowek-mieszkaniowy\/#primaryimage"},"thumbnailUrl":"https:\/\/pileto.pl\/wp-content\/uploads\/2022\/07\/3-scaled.jpg","datePublished":"2022-07-05T13:18:20+00:00","dateModified":"2022-11-15T19:53:53+00:00","breadcrumb":{"@id":"https:\/\/pileto.pl\/project\/metro-linii-m2-targowek-mieszkaniowy\/#breadcrumb"},"inLanguage":"en-US","potentialAction":[{"@type":"ReadAction","target":["https:\/\/pileto.pl\/project\/metro-linii-m2-targowek-mieszkaniowy\/"]}]},{"@type":"ImageObject","inLanguage":"en-US","@id":"https:\/\/pileto.pl\/project\/metro-linii-m2-targowek-mieszkaniowy\/#primaryimage","url":"https:\/\/pileto.pl\/wp-content\/uploads\/2022\/07\/3-scaled.jpg","contentUrl":"https:\/\/pileto.pl\/wp-content\/uploads\/2022\/07\/3-scaled.jpg","width":2560,"height":1707},{"@type":"BreadcrumbList","@id":"https:\/\/pileto.pl\/project\/metro-linii-m2-targowek-mieszkaniowy\/#breadcrumb","itemListElement":[{"@type":"ListItem","position":1,"name":"Strona g\u0142\u00f3wna","item":"https:\/\/pileto.pl\/"},{"@type":"ListItem","position":2,"name":"Projekty","item":"https:\/\/pileto.pl\/project\/"},{"@type":"ListItem","position":3,"name":"Metro linii M2 Targ\u00f3wek Mieszkaniowy"}]},{"@type":"WebSite","@id":"https:\/\/pileto.pl\/#website","url":"https:\/\/pileto.pl\/","name":"Konstrukcje szklane, fasady, drzwi, okna - projekt - Pileto Sp. z o.o.","description":"PILETO is a company that designs and executes construction projects in the field of glass facades, custom-designed windows, doors, skylights, self-supporting glass structures, and ventilated facades.","publisher":{"@id":"https:\/\/pileto.pl\/#organization"},"alternateName":"Konstrukcje szklane, fasady, drzwi, okna - projekt - Pileto Sp. z o.o.","potentialAction":[{"@type":"SearchAction","target":{"@type":"EntryPoint","urlTemplate":"https:\/\/pileto.pl\/?s={search_term_string}"},"query-input":{"@type":"PropertyValueSpecification","valueRequired":true,"valueName":"search_term_string"}}],"inLanguage":"en-US"},{"@type":"Organization","@id":"https:\/\/pileto.pl\/#organization","name":"Pileto Sp. z o.o.","url":"https:\/\/pileto.pl\/","logo":{"@type":"ImageObject","inLanguage":"en-US","@id":"https:\/\/pileto.pl\/#\/schema\/logo\/image\/","url":"https:\/\/pileto.pl\/wp-content\/uploads\/2022\/07\/logo_pileto.png","contentUrl":"https:\/\/pileto.pl\/wp-content\/uploads\/2022\/07\/logo_pileto.png","width":349,"height":115,"caption":"Pileto Sp. z o.o."},"image":{"@id":"https:\/\/pileto.pl\/#\/schema\/logo\/image\/"}}]}},"_links":{"self":[{"href":"https:\/\/pileto.pl\/en\/wp-json\/wp\/v2\/project\/59","targetHints":{"allow":["GET"]}}],"collection":[{"href":"https:\/\/pileto.pl\/en\/wp-json\/wp\/v2\/project"}],"about":[{"href":"https:\/\/pileto.pl\/en\/wp-json\/wp\/v2\/types\/project"}],"author":[{"embeddable":true,"href":"https:\/\/pileto.pl\/en\/wp-json\/wp\/v2\/users\/1"}],"replies":[{"embeddable":true,"href":"https:\/\/pileto.pl\/en\/wp-json\/wp\/v2\/comments?post=59"}],"version-history":[{"count":8,"href":"https:\/\/pileto.pl\/en\/wp-json\/wp\/v2\/project\/59\/revisions"}],"predecessor-version":[{"id":451,"href":"https:\/\/pileto.pl\/en\/wp-json\/wp\/v2\/project\/59\/revisions\/451"}],"wp:featuredmedia":[{"embeddable":true,"href":"https:\/\/pileto.pl\/en\/wp-json\/wp\/v2\/media\/216"}],"wp:attachment":[{"href":"https:\/\/pileto.pl\/en\/wp-json\/wp\/v2\/media?parent=59"}],"wp:term":[{"taxonomy":"project_category","embeddable":true,"href":"https:\/\/pileto.pl\/en\/wp-json\/wp\/v2\/project_category?post=59"},{"taxonomy":"project_tag","embeddable":true,"href":"https:\/\/pileto.pl\/en\/wp-json\/wp\/v2\/project_tag?post=59"}],"curies":[{"name":"wp","href":"https:\/\/api.w.org\/{rel}","templated":true}]}}

Metro line M2 Targówek Mieszkaniowy

<!-- This site is optimized with the Yoast SEO plugin v25.2 - https://yoast.com/wordpress/plugins/seo/ -->
<title>Metro linii M2 Targówek Mieszkaniowy - Pileto Sp. z o.o.</title>
<meta name="robots" content="index, follow, max-snippet:-1, max-image-preview:large, max-video-preview:-1" />
<link rel="canonical" href="https://pileto.pl/en/project/metro-linii-m2-targowek-mieszkaniowy/" />
<meta property="og:locale" content="en_US" />
<meta property="og:type" content="article" />
<meta property="og:title" content="Metro linii M2 Targówek Mieszkaniowy - Pileto Sp. z o.o." />
<meta property="og:url" content="https://pileto.pl/en/project/metro-linii-m2-targowek-mieszkaniowy/" />
<meta property="og:site_name" content="Pileto Sp. z o.o." />
<meta property="article:modified_time" content="2022-11-15T19:53:53+00:00" />
<meta property="og:image" content="https://pileto.pl/wp-content/uploads/2022/07/3-scaled.jpg" />
	<meta property="og:image:width" content="2560" />
	<meta property="og:image:height" content="1707" />
	<meta property="og:image:type" content="image/jpeg" />
<meta name="twitter:card" content="summary_large_image" />
<script type="application/ld+json" class="yoast-schema-graph">{"@context":"https://schema.org","@graph":[{"@type":"WebPage","@id":"https://pileto.pl/project/metro-linii-m2-targowek-mieszkaniowy/","url":"https://pileto.pl/project/metro-linii-m2-targowek-mieszkaniowy/","name":"Metro linii M2 Targówek Mieszkaniowy - Pileto Sp. z o.o.","isPartOf":{"@id":"https://pileto.pl/#website"},"primaryImageOfPage":{"@id":"https://pileto.pl/project/metro-linii-m2-targowek-mieszkaniowy/#primaryimage"},"image":{"@id":"https://pileto.pl/project/metro-linii-m2-targowek-mieszkaniowy/#primaryimage"},"thumbnailUrl":"https://pileto.pl/wp-content/uploads/2022/07/3-scaled.jpg","datePublished":"2022-07-05T13:18:20+00:00","dateModified":"2022-11-15T19:53:53+00:00","breadcrumb":{"@id":"https://pileto.pl/project/metro-linii-m2-targowek-mieszkaniowy/#breadcrumb"},"inLanguage":"en-US","potentialAction":[{"@type":"ReadAction","target":["https://pileto.pl/project/metro-linii-m2-targowek-mieszkaniowy/"]}]},{"@type":"ImageObject","inLanguage":"en-US","@id":"https://pileto.pl/project/metro-linii-m2-targowek-mieszkaniowy/#primaryimage","url":"https://pileto.pl/wp-content/uploads/2022/07/3-scaled.jpg","contentUrl":"https://pileto.pl/wp-content/uploads/2022/07/3-scaled.jpg","width":2560,"height":1707},{"@type":"BreadcrumbList","@id":"https://pileto.pl/project/metro-linii-m2-targowek-mieszkaniowy/#breadcrumb","itemListElement":[{"@type":"ListItem","position":1,"name":"Strona główna","item":"https://pileto.pl/"},{"@type":"ListItem","position":2,"name":"Projekty","item":"https://pileto.pl/project/"},{"@type":"ListItem","position":3,"name":"Metro linii M2 Targówek Mieszkaniowy"}]},{"@type":"WebSite","@id":"https://pileto.pl/#website","url":"https://pileto.pl/","name":"Konstrukcje szklane, fasady, drzwi, okna - projekt - Pileto Sp. z o.o.","description":"PILETO jest firmą, która projektuje oraz realizuje obiekty budowlane w zakresie szklanych fasad, indywidualnie projektowanych okien, drzwi, świetlików, samonośnych konstrukcji ze szkła oraz elewacji wentylowanych.","publisher":{"@id":"https://pileto.pl/#organization"},"alternateName":"Konstrukcje szklane, fasady, drzwi, okna - projekt - Pileto Sp. z o.o.","potentialAction":[{"@type":"SearchAction","target":{"@type":"EntryPoint","urlTemplate":"https://pileto.pl/?s={search_term_string}"},"query-input":{"@type":"PropertyValueSpecification","valueRequired":true,"valueName":"search_term_string"}}],"inLanguage":"en-US"},{"@type":"Organization","@id":"https://pileto.pl/#organization","name":"Pileto Sp. z o.o.","url":"https://pileto.pl/","logo":{"@type":"ImageObject","inLanguage":"en-US","@id":"https://pileto.pl/#/schema/logo/image/","url":"https://pileto.pl/wp-content/uploads/2022/07/logo_pileto.png","contentUrl":"https://pileto.pl/wp-content/uploads/2022/07/logo_pileto.png","width":349,"height":115,"caption":"Pileto Sp. z o.o."},"image":{"@id":"https://pileto.pl/#/schema/logo/image/"}}]}</script>
<!-- / Yoast SEO plugin. -->

Metro linii M2 Targówek Mieszkaniowy - Pileto Sp. z o.o.

Strona główna

Metro linii M2 Targówek Mieszkaniowy
